  {"id":11117,"date":"2022-07-11T12:46:20","date_gmt":"2022-07-11T16:46:20","guid":{"rendered":"https:\/\/www.un.org\/unispal\/es\/?post_type=tribe_events&#038;p=11117"},"modified":"2022-07-11T12:46:20","modified_gmt":"2022-07-11T16:46:20","slug":"conferencia-internacional-sobre-la-cuestion-de-jerusalen-titulada-juventud-palestina-en-jerusalen-oriental-bajo-ocupacion","status":"publish","type":"tribe_events","link":"https:\/\/www.un.org\/unispal\/es\/event\/conferencia-internacional-sobre-la-cuestion-de-jerusalen-titulada-juventud-palestina-en-jerusalen-oriental-bajo-ocupacion\/","title":{"rendered":"Conferencia Internacional sobre la Cuesti\u00f3n de Jerusal\u00e9n titulada \u201cJuventud Palestina en Jerusal\u00e9n Oriental bajo Ocupaci\u00f3n\u201d"},"content":{"rendered":"<p><img decoding=\"async\" class=\" wp-image-11087 aligncenter\" src=\"https:\/\/www.un.org\/unispal\/es\/wp-content\/uploads\/sites\/25\/2022\/07\/20-July-ES-300x169.jpg\" alt=\"\" width=\"657\" height=\"370\" srcset=\"https:\/\/www.un.org\/unispal\/es\/wp-content\/uploads\/sites\/25\/2022\/07\/20-July-ES-200x113.jpg 200w, https:\/\/www.un.org\/unispal\/es\/wp-content\/uploads\/sites\/25\/2022\/07\/20-July-ES-300x169.jpg 300w, https:\/\/www.un.org\/unispal\/es\/wp-content\/uploads\/sites\/25\/2022\/07\/20-July-ES-400x225.jpg 400w, https:\/\/www.un.org\/unispal\/es\/wp-content\/uploads\/sites\/25\/2022\/07\/20-July-ES-600x338.jpg 600w, https:\/\/www.un.org\/unispal\/es\/wp-content\/uploads\/sites\/25\/2022\/07\/20-July-ES-768x433.jpg 768w, https:\/\/www.un.org\/unispal\/es\/wp-content\/uploads\/sites\/25\/2022\/07\/20-July-ES-800x451.jpg 800w, https:\/\/www.un.org\/unispal\/es\/wp-content\/uploads\/sites\/25\/2022\/07\/20-July-ES-1024x577.jpg 1024w, https:\/\/www.un.org\/unispal\/es\/wp-content\/uploads\/sites\/25\/2022\/07\/20-July-ES-1200x676.jpg 1200w, https:\/\/www.un.org\/unispal\/es\/wp-content\/uploads\/sites\/25\/2022\/07\/20-July-ES.jpg 1230w\" sizes=\"(max-width: 657px) 100vw, 657px\" \/><\/p>\n<p>El Comit\u00e9 de Naciones Unidas para el Ejercicio de los Derechos Inalienables del Pueblo Palestino con apoyo de la Organizaci\u00f3n de Cooperaci\u00f3n Isl\u00e1mica organizan Conferencia Internacional sobre la Cuesti\u00f3n de Jerusal\u00e9n titulada \u201cJuventud Palestina en Jerusal\u00e9n Oriental bajo Ocupaci\u00f3n\u201d de manera virtual el 20 de julio 2022 de 10:00 a.m. a 12:00 p.m. (hora de NY), via WebEx.<\/p>\n","protected":false},"excerpt":{"rendered":"<p>El Comit\u00e9 de Naciones Unidas para el Ejercicio de los Derechos Inalienables del Pueblo Palestino con apoyo de la Organizaci\u00f3n de Cooperaci\u00f3n Isl\u00e1mica organizan Conferencia Internacional sobre la Cuesti\u00f3n de Jerusal\u00e9n titulada \u201cJuventud Palestina en Jerusal\u00e9n Oriental bajo Ocupaci\u00f3n\u201d de manera virtual el 20 de julio 2022 de 10:00 a.m. a 12:00 p.m. (hora de <a href=\"https:\/\/www.un.org\/unispal\/es\/event\/conferencia-internacional-sobre-la-cuestion-de-jerusalen-titulada-juventud-palestina-en-jerusalen-oriental-bajo-ocupacion\/\"> [&#8230;]<\/a><\/p>\n","protected":false},"author":301,"featured_media":0,"template":"","meta":{"_tribe_events_status":"","_tribe_events_status_reason":"","footnotes":""},"tags":[],"tribe_events_cat":[],"class_list":["post-11117","tribe_events","type-tribe_events","status-publish","hentry"],"_links":{"self":[{"href":"https:\/\/www.un.org\/unispal\/es\/wp-json\/wp\/v2\/tribe_events\/11117","targetHints":{"allow":["GET"]}}],"collection":[{"href":"https:\/\/www.un.org\/unispal\/es\/wp-json\/wp\/v2\/tribe_events"}],"about":[{"href":"https:\/\/www.un.org\/unispal\/es\/wp-json\/wp\/v2\/types\/tribe_events"}],"author":[{"embeddable":true,"href":"https:\/\/www.un.org\/unispal\/es\/wp-json\/wp\/v2\/users\/301"}],"version-history":[{"count":0,"href":"https:\/\/www.un.org\/unispal\/es\/wp-json\/wp\/v2\/tribe_events\/11117\/revisions"}],"wp:attachment":[{"href":"https:\/\/www.un.org\/unispal\/es\/wp-json\/wp\/v2\/media?parent=11117"}],"wp:term":[{"taxonomy":"post_tag","embeddable":true,"href":"https:\/\/www.un.org\/unispal\/es\/wp-json\/wp\/v2\/tags?post=11117"},{"taxonomy":"tribe_events_cat","embeddable":true,"href":"https:\/\/www.un.org\/unispal\/es\/wp-json\/wp\/v2\/tribe_events_cat?post=11117"}],"curies":[{"name":"wp","href":"https:\/\/api.w.org\/{rel}","templated":true}]}}

Conferencia Internacional sobre la Cuestión de Jerusalén titulada “Juventud Palestina en Jerusalén Oriental bajo Ocupación”

<p><img decoding="async" class=" wp-image-11087 aligncenter" src="https://www.un.org/unispal/es/wp-content/uploads/sites/25/2022/07/20-July-ES-300x169.jpg" alt="" width="657" height="370" srcset="https://www.un.org/unispal/es/wp-content/uploads/sites/25/2022/07/20-July-ES-200x113.jpg 200w, https://www.un.org/unispal/es/wp-content/uploads/sites/25/2022/07/20-July-ES-300x169.jpg 300w, https://www.un.org/unispal/es/wp-content/uploads/sites/25/2022/07/20-July-ES-400x225.jpg 400w, https://www.un.org/unispal/es/wp-content/uploads/sites/25/2022/07/20-July-ES-600x338.jpg 600w, https://www.un.org/unispal/es/wp-content/uploads/sites/25/2022/07/20-July-ES-768x433.jpg 768w, https://www.un.org/unispal/es/wp-content/uploads/sites/25/2022/07/20-July-ES-800x451.jpg 800w, https://www.un.org/unispal/es/wp-content/uploads/sites/25/2022/07/20-July-ES-1024x577.jpg 1024w, https://www.un.org/unispal/es/wp-content/uploads/sites/25/2022/07/20-July-ES-1200x676.jpg 1200w, https://www.un.org/unispal/es/wp-content/uploads/sites/25/2022/07/20-July-ES.jpg 1230w" sizes="(max-width: 657px) 100vw, 657px" /></p>
<p>El Comité de Naciones Unidas para el Ejercicio de los Derechos Inalienables del Pueblo Palestino con apoyo de la Organización de Cooperación Islámica organizan Conferencia Internacional sobre la Cuestión de Jerusalén titulada “Juventud Palestina en Jerusalén Oriental bajo Ocupación” de manera virtual el 20 de julio 2022 de 10:00 a.m. a 12:00 p.m. (hora de NY), via WebEx.</p>

<p>El Comité de Naciones Unidas para el Ejercicio de los Derechos Inalienables del Pueblo Palestino con apoyo de la Organización de Cooperación Islámica organizan Conferencia Internacional sobre la Cuestión de Jerusalén titulada “Juventud Palestina en Jerusalén Oriental bajo Ocupación” de manera virtual el 20 de julio 2022 de 10:00 a.m. a 12:00 p.m. (hora de <a href="https://www.un.org/unispal/es/event/conferencia-internacional-sobre-la-cuestion-de-jerusalen-titulada-juventud-palestina-en-jerusalen-oriental-bajo-ocupacion/"> [&#8230;]</a></p>
